mainder when 392 is divided by 209.
183
Calculate the remainder when 3757 is divided by 94.
91
What is the remainder when 163 is divided by 12?
7
Calculate the remainder when 6478 is divided by 24.
22
What is the remainder when 113 is divided by 10?
3
Calculate the remainder when 649 is divided by 41.
34
Calculate the remainder when 441 is divided by 38.
23
Calculate the remainder when 951 is divided by 106.
103
What is the remainder when 685 is divided by 66?
25
Calculate the remainder when 106 is divided by 38.
30
Calculate the remainder when 1558 is divided by 12.
10
What is the remainder when 64 is divided by 42?
22
What is the remainder when 438 is divided by 27?
6
Calculate the remainder when 122 is divided by 5.
2
Calculate the remainder when 6840 is divided by 214.
206
What is the remainder when 117 is divided by 34?
15
Calculate the remainder when 158 is divided by 23.
20
Calculate the remainder when 64 is divided by 11.
9
What is the remainder when 7851 is divided by 187?
184
Calculate the remainder when 26835 is divided by 61.
56
What is the remainder when 18 is divided by 12?
6
What is the remainder when 613 is divided by 302?
9
What is the remainder when 486 is divided by 70?
66
What is the remainder when 2277 is divided by 152?
149
Calculate the remainder when 4458 is divided by 634.
20
What is the remainder when 11 is divided by 7?
4
Calculate the remainder when 97 is divided by 40.
17
Calculate the remainder when 190 is divided by 12.
10
What is the remainder when 4401 is divided by 37?
35
Calculate the remainder when 231 is divided by 116.
115
What is the remainder when 204 is divided by 54?
42
Calculate the remainder when 724 is divided by 17.
10
Calculate the remainder when 158 is divided by 16.
14
Calculate the remainder when 172 is divided by 23.
11
Calculate the remainder when 1 is divided by 1.
0
What is the remainder when 2190 is divided by 545?
10
Calculate the remainder when 679 is divided by 76.
71
What is the remainder when 111 is divided by 28?
27
What is the remainder when 1257 is divided by 9?
6
Calculate the remainder when 127 is divided by 65.
62
Calculate the remainder when 2208 is divided by 80.
48
Calculate the remainder when 290 is divided by 21.
17
What is the remainder when 126 is divided by 43?
40
Calculate the remainder when 33 is divided by 20.
13
Calculate the remainder when 726 is divided by 81.
78
Calculate the remainder when 280 is divided by 10.
0
What is the remainder when 97 is divided by 26?
19
Calculate the remainder when 298 is divided by 12.
10
What is the remainder when 105 is divided by 50?
5
What is the remainder when 377 is divided by 42?
41
What is the remainder when 235 is divided by 55?
15
Calculate the remainder when 212 is divided by 71.
70
Calculate the remainder when 1764 is divided by 298.
274
What is the remainder when 157 is divided by 54?
49
Calculate the remainder when 1423 is divided by 285.
283
Calculate the remainder when 5071 is divided by 211.
7
What is the remainder when 338 is divided by 56?
2
What is the remainder when 216 is divided by 56?
48
Calculate the remainder when 2046 is divided by 55.
11
What is the remainder when 355 is divided by 242?
113
Calculate the remainder when 252 is divided by 26.
18
Calculate the remainder when 1940 is divided by 321.
14
Calculate the remainder when 589 is divided by 20.
9
Calculate the remainder when 556 is divided by 14.
10
What is the remainder when 557 is divided by 14?
11
Calculate the remainder when 52 is divided by 20.
12
What is the remainder when 149 is divided by 124?
25
What is the remainder when 22654 is divided by 12?
10
What is the remainder when 1884 is divided by 37?
34
Calculate the remainder when 1844 is divided by 26.
24
Calculate the remainder when 134 is divided by 27.
26
What is the remainder when 42 is divided by 13?
3
Calculate the remainder when 167 is divided by 25.
17
What is the remainder when 110 is divided by 1?
0
What is the remainder when 406 is divided by 35?
21
Calculate the remainder when 131 is divided by 34.
29
What is the remainder when 809 is divided by 14?
11
What is the remainder when 109 is divided by 50?
9
What is the remainder when 125 is divided by 16?
13
Calculate the remainder when 140 is divided by 68.
4
Calculate the remainder when 647 is divided by 26.
23
What is the remainder when 1853 is divided by 110?
93
Calculate the remainder when 120 is divided by 61.
59
Calculate the remainder when 390 is divided by 61.
24
Calculate the remainder when 631 is divided by 149.
35
Calculate the remainder when 726 is divided by 13.
11
What is the remainder when 508 is divided by 32?
28
Calculate the remainder when 1853 is divided by 148.
77
What is the remainder when 73 is divided by 29?
15
What is the remainder when 487 is divided by 10?
7
Calculate the remainder when 1162 is divided by 23.
12
Calculate the remainder when 156 is divided by 67.
22
What is the remainder when 14609 is divided by 5?
4
What is the remainder when 401 is divided by 41?
32
What is the remainder when 56 is divided by 5?
1
What is the remainder when 258 is divided by 85?
3
Calculate the remainder when 699 is divided by 39.
36
Calculate the remainder when 4778 is divided by 149.
10
What is the remainder when 434 is divided by 59?
21
Calculate the remainder when 179 is divided by 30.
29
Calculate the remainder when 24 is divided by 19.
5
What is the remainder when 220 is divided by 20?
0
Calculate the remainder when 429 is divided by 16.
13
What is the remainder when 811 is divided by 24?
19
Calculate the remainder when 438 is divided by 70.
18
What is the remainder when 753 is divided by 21?
18
Calculate the remainder when 871 is divided by 64.
39
What is the remainder when 2092 is divided by 28?
20
What is the remainder when 9844 is divided by 5?
4
What is the remainder when 373 is divided by 12?
1
Calculate the remainder when 128 is divided by 33.
29
What is the remainder when 5579 is divided by 90?
89
Calculate the remainder when 47 is divided by 28.
19
Calculate the remainder when 4347 is divided by 68.
63
Calculate the remainder when 801 is divided by 72.
9
Calculate the remainder when 209 is divided by 71.
67
What is the remainder when 66 is divided by 12?
6
Calculate the remainder when 358 is divided by 40.
38
What is the remainder when 44 is divided by 4?
0
What is the remainder when 1175 is divided by 34?
19
Calculate the remainder when 296 is divided by 190.
106
Calculate the remainder when 67 is divided by 34.
33
What is the remainder when 133 is divided by 90?
43
What is the remainder when 98 is divided by 30?
8
Calculate the remainder when 1456 is divided by 20.
16
Calculate the remainder when 910 is divided by 233.
211
Calculate the remainder when 147 is divided by 10.
7
Calculate the remainder when 83 is divided by 14.
13
Calculate the remainder when 339 is divided by 15.
9
Calculate the remainder when 777 is divided by 3.
0
What is the remainder when 1862 is divided by 210?
182
What is the remainder when 7 is divided by 6?
1
What is the remainder when 499 is divided by 63?
58
What is the remainder when 417 is divided by 12?
9
Calculate the remainder when 629 is divided by 30.
29
Calculate the remainder when 73 is divided by 4.
1
Calculate the remainder when 1537 is divided by 14.
11
What is the remainder when 1341 is divided by 670?
1
What is the remainder when 474 is divided by 439?
35
Calculate the remainder when 1977 is divided by 36.
33
What is the remainder when 818 is divided by 13?
12
What is the remainder when 446 is divided by 15?
11
Calculate the remainder when 555 is divided by 213.
129
What is the remainder when 34 is divided by 17?
0
What is the remainder when 5285 is divided by 115?
110
What is the remainder when 421 is divided by 366?
55
Calculate the remainder when 181 is divided by 34.
11
What is the remainder when 844 is divided by 58?
32
What is the remainder when 4963 is divided by 166?
149
What is the remainder when 195 is divided by 40?
35
What is the remainder when 115 is divided by 55?
5
What is the remainder when 58 is divided by 17?
7
Calculate the remainder when 501 is divided by 87.
66
What is the remainder when 286 is divided by 16?
14
What is the remainder when 734 is div